{"version":"1.0","provider_name":"Babav\u00e1r\u00e1som t\u00f6rt\u00e9nete","provider_url":"https:\/\/ancu.cafeblog.hu","author_name":"Ancu","author_url":"https:\/\/ancu.cafeblog.hu\/author\/Ancu-2-2-2\/","title":"16. heti UH","html":"<p>&nbsp;M\u00e1rcius 21.-\u00e9n kellett mennem a 16. heti vizsg\u00e1latokra.<\/p><p>Minden rendben volt, m\u00e1r 10 cm \u00e9s 150gramm........h\u00e1t nem \u00e9des????<\/p><p>El\u00e9g sz\u00e9gyenl\u0151s volt, alig mutatta az arc\u00e1t, a kis kukir\u00f3l ne is besz\u00e9lj\u00fcnk, maga al\u00e1 h\u00fazta a l\u00e1b\u00e1t, nem tudta a doki elcs\u00edpni.<\/p><p>Kaptam beutal\u00f3t AFP vizsg\u00e1latra, amit dr\u00e1ga anyucik\u00e1m fog levenni.Ugyanis n\u0151v\u00e9rke.<\/p><p>\u00c9s \u00edme az igen sz\u00e9gyenl\u0151s szt\u00e1rfot\u00f3m alatta pedig egy 16. heti pocakfot\u00f3.Az el\u0151z\u0151h\u00f6z k\u00e9pest rengeteget n\u0151tt!!<\/p><p><img src=\"https:\/\/ancu.cafeblog.hu\/files\/SCAN0045.JPG\" class=\"blogkep\" align=\"left\"><img src=\"https:\/\/ancu.cafeblog.hu\/files\/16.hOot%282%29.jpg\" class=\"blogkep\" align=\"left\"><\/p>","type":"rich"}

Babavárásom története

<p>&nbsp;Március 21.-én kellett mennem a 16. heti vizsgálatokra.</p><p>Minden rendben volt, már 10 cm és 150gramm........hát nem édes????</p><p>Elég szégyenlős volt, alig mutatta az arcát, a kis kukiról ne is beszéljünk, maga alá húzta a lábát, nem tudta a doki elcsípni.</p><p>Kaptam beutalót AFP vizsgálatra, amit drága anyucikám fog levenni.Ugyanis nővérke.</p><p>És íme az igen szégyenlős sztárfotóm alatta pedig egy 16. heti pocakfotó.Az előzőhöz képest rengeteget nőtt!!</p><p><img src="https://ancu.cafeblog.hu/files/SCAN0045.JPG" class="blogkep" align="left"><img src="https://ancu.cafeblog.hu/files/16.hOot%282%29.jpg" class="blogkep" align="left"></p>
